isor of 64 and h.
16
Let o = 495 - 400. What is the highest common factor of o and 19?
19
Let v = -491 + 639. What is the highest common divisor of v and 37?
37
Let o be 2*((-312)/(-16) + -3). Calculate the highest common divisor of o and 352.
11
Suppose 3*i + 4 = 5*p, -p + 3*i = 4 - 0. Let n = p - 0. Let w be (3/9)/(n/12). What is the greatest common divisor of 10 and w?
2
Let f = -4873 + 11447. What is the greatest common divisor of f and 19?
19
Let g(t) = 2*t. Let i be g(0). Suppose i = -f + 9 + 10. Suppose -l - f = 2*l + 5*p, -20 = 4*p. Calculate the greatest common factor of l and 22.
2
Let f be ((2 - 3) + -6)*-3. Suppose f = -8*y + 5*y. Let j = 11 + y. What is the greatest common factor of j and 1?
1
Suppose 3*x - 2 = 13. Suppose -t + 84 = x*w, 0*w + 2*w - 33 = -t. Suppose q - 8 = w. What is the highest common factor of q and 200?
25
Let s be ((-14)/(-21))/((-1)/(-6)). Suppose 0 = s*j - 2 - 46. Calculate the highest common factor of j and 108.
12
Let r(x) = -2*x - 21. Let p be r(-16). Let b be (44/6)/((-5)/45). Let i be (40/12)/((-4)/b). What is the greatest common divisor of i and p?
11
Suppose 0 = -3*w + 3*a + 3393, -a - 4*a = 20. Calculate the highest common divisor of w and 49.
49
Let m(v) = -80*v**2 - 5*v + 6. Let i be m(1). Let w = 109 + i. Calculate the greatest common divisor of 15 and w.
15
Suppose 0 = 4*j + 4, 3*x - 1111 = -2*x + j. Calculate the highest common divisor of 74 and x.
74
Let r = -309 - -463. Let l = -10 + r. What is the highest common divisor of 18 and l?
18
Let p(d) = -287*d + 12. Let s be p(-1). What is the highest common factor of 46 and s?
23
Let z be (-6 - -8)*(54 - 2). Suppose 5*y - z = -59. Let k be ((-15)/(-2))/((-1)/(-6)). Calculate the greatest common factor of k and y.
9
Suppose -533 = 5*s - 1568. Let f(q) = -q**2 + 24*q + 968. Let w be f(-21). Calculate the greatest common factor of w and s.
23
Let w be ((-21)/12)/(24/(-192)). What is the greatest common divisor of 826 and w?
14
Let f = -3 - -12. Suppose 3*n - 146 = -143. What is the greatest common divisor of n and f?
1
Let k be ((-72)/14)/(-5*21/26950). Calculate the highest common divisor of 396 and k.
132
Let p(y) = 6*y - 27. Let r be p(7). Calculate the greatest common factor of r and 705.
15
Suppose 4*b - 27 - 17 = 0. Suppose -69 = -5*x + b. Calculate the highest common factor of 12 and x.
4
Suppose 5*d - 3*z + 8*z - 1015 = 0, 0 = 4*d + 3*z - 817. What is the greatest common factor of d and 80?
16
Suppose v + 2 = 0, -3*t + 116 = -7*v + 3*v. Calculate the greatest common divisor of 9 and t.
9
Let y = 126 + -124. Suppose -4*u + 448 = 5*n - 0*u, 268 = 3*n + y*u. Let d(c) = -c**2 + 9*c - 7. Let l be d(6). Calculate the greatest common factor of n and l.
11
Let h = -1416 - -1542. What is the greatest common factor of h and 72?
18
Let x be (-9)/(-15) - (-6534)/135. Calculate the highest common factor of x and 91.
7
Let t = 94 - 88. What is the greatest common factor of 30 and t?
6
Let h be 0 + ((-2)/2)/((-3)/(-27)). Let p = h - -13. Suppose 0 = -0*b + 2*b - 56. Calculate the greatest common divisor of b and p.
4
Let o = 16 + -4. Suppose 6*f - 28 = 188. Calculate the highest common divisor of o and f.
12
Suppose 0 = -9*f + 22*f - 104. Calculate the highest common factor of 10 and f.
2
Suppose 6179 - 32029 = -55*k. Calculate the highest common factor of k and 30.
10
Let s = 155 + -85. Suppose 3*y - s = 92. Let d be (-3 + 0)/(2/(-6)). Calculate the greatest common divisor of y and d.
9
Let t(m) be the second derivative of -m**3/2 + 5*m**2/2 - 10*m. Let u be t(-3). Let y be u/(-21) - 29/(-3). Calculate the highest common divisor of 27 and y.
9
Let r = 22 + 6. Let y = -38 - -57. Let n = r - y. Calculate the highest common divisor of 27 and n.
9
Suppose 614 = 3*a + 2*x, -68*a - 1050 = -73*a + 2*x. Calculate the greatest common divisor of a and 39.
13
Let i be ((-2)/(-1))/(2/15). Suppose i*o - 10*o = 405. Calculate the highest common factor of 9 and o.
9
Suppose -88 = -v + 59. Let h(x) = -x + 6. Let r be -1 + -2 + 3 - 15. Let c be h(r). What is the greatest common divisor of c and v?
21
Let x be (-5 - (-185)/15) + (-1)/3. Calculate the highest common factor of x and 63.
7
Let j be (12/10)/(1/5). Suppose j*y = 7*y - 33. What is the greatest common factor of 33 and y?
33
Suppose 9*j + 347 = 3*c + 11*j, -2*j - 4 = 0. What is the highest common factor of 91 and c?
13
Let j(g) be the first derivative of -3*g**4/2 - 2*g**3/3 + g - 11. Let l be j(-1). Calculate the greatest common factor of 45 and l.
5
Let o(n) = n**2 - 3*n - 1. Let k be o(6). Let a(z) = -9*z + 3. Let l be a(4). Let v = 1 - l. What is the greatest common factor of k and v?
17
Suppose 0*c - 90 = -3*c. Calculate the greatest common divisor of c and 110.
10
Suppose -j - 2351 = -4*h, 0*h - 3*h + 5*j = -1759. Suppose 7*l - h = -0*l. Calculate the greatest common divisor of l and 12.
12
Suppose 38*s = 35*s + 1656. What is the highest common factor of s and 24?
24
Suppose 5*q = 177 - 12. Calculate the highest common divisor of q and 66.
33
Suppose 0*j + 34 = -b + j, 4*j = 0. Let m = b + 47. Let t(c) = 6*c**2 + 534*c - 2781. Let x be t(5). What is the highest common divisor of x and m?
13
Let a = -141 + 180. What is the highest common divisor of 6 and a?
3
Let s(j) = j**2 - 12*j - 10. Let l be s(13). Let v be -66*(65/(-15) + l). What is the greatest common factor of 11 and v?
11
Let i(k) = k**3 - 6*k**2 + 12*k - 5. Let p be i(3). Let m be (-102)/21*-2 - p/(-14). Calculate the highest common divisor of 90 and m.
10
Let h(j) = 67*j + 2897. Let k be h(-43). Let t = 1 + 111. Calculate the highest common factor of k and t.
16
Let x = 234 - 147. Let o be (2 - 1/1)*x. Calculate the highest common factor of 58 and o.
29
Suppose 0 = -4*d + 2*d - b + 49, 2*d + 5*b = 37. Let k be (-32)/(124/(-130) + (-24)/(-30)). Calculate the greatest common factor of d and k.
26
Let s(k) = 5*k**2 + 94*k - 22. Let b be s(-20). Calculate the greatest common factor of 147 and b.
49
Let y(g) = g**3 + 7*g**2 - 10*g - 1. Let n be y(-8). Suppose -408 = -3*t + x, 0*x - 528 = -4*t - 4*x. What is the greatest common factor of n and t?
15
Let w(g) = -130*g - 125. Let m be w(-3). Calculate the highest common divisor of 20 and m.
5
Let b = 20 + -11. Let x = -10 + b. Let r be x*(-28 + (-4)/(-4)). Calculate the highest common divisor of r and 108.
27
Suppose 4*o - 90 = -2*o. Let r be (o/4)/((-57)/(-152)). Calculate the highest common factor of r and 70.
10
Let h(b) = -5*b + 2 + 0*b - 1. Let n be h(-3). Let j = 39 + -15. Calculate the greatest common factor of j and n.
8
Let p = 7 + -13. Let g = p + 26. Suppose 4*j = 8*j, -q - 2*j + 180 = 0. What is the highest common factor of q and g?
20
Suppose -z = 3, -3*p - 26 + 137 = 2*z. What is the greatest common divisor of p and 117?
39
Suppose 21 = -34*h + 41*h. What is the greatest common factor of h and 81?
3
Suppose -21*r + 197 = 3*n - 23*r, 2*n - 114 = -3*r. Calculate the highest common factor of 81 and n.
9
Suppose -113 = -5*j - x, 17 = 3*j + 3*x - 58. Calculate the greatest common divisor of 352 and j.
22
Suppose -44*d - 13 = -45*d. Let y be (13/3)/((-3)/(-45)). Calculate the greatest common factor of d and y.
13
Suppose 165 = 4*u - u. Suppose 4*t + 4 - 77 = -5*d, -u = -5*t + d. What is the highest common divisor of t and 8?
4
Suppose -11*o + 4620 = 11*o. Calculate the greatest common factor of o and 60.
30
Let n = 10 + -7. Calculate the greatest common divisor of n and 3.
3
Suppose 5*c - 5*r - 46 = 294, -242 = -4*c - 2*r. Suppose -22 = -2*w + 2*d, 2*d - 14 + 43 = 3*w. Calculate the greatest common factor of w and c.
7
Suppose 4*w + 96 = 6*w. Let t be w + -44 + 2/(2/(-3)). Suppose 3*d + 6 = -5*v - 6, 5*d - 4*v = 17. Calculate the highest common divisor of d and t.
1
Let f be -2 + 10 - ((-2 - -1) + 2). Calculate the highest common divisor of 161 and f.
7
Suppose w + 0*w - 103 = -a, -185 = -2*a + 5*w. Suppose -4*c + 1 = -7. Let m be a/6*3/c. What is the highest common factor of 10 and m?
5
Suppose 0 = -2*n - 25*t + 28*t + 191, -3*n = -t - 269. Suppose -2*c = c - 33. Calculate the highest common factor of c and n.
11
Let b = 10 - 1. Let s(y) = 2*y**2 - 4*y + 11. Let f be s(7). What is the greatest common factor of b and f?
9
Suppose 186*y - 181*y = 150. What is the greatest common factor of 25 an